1
What are the prime factors of 267609?
3, 89203
What are the prime factors of 614082?
2, 3, 7, 14621
What are the prime factors of 28833997?
28833997
List the prime factors of 16267152.
2, 3, 11, 30809
What are the prime factors of 8898714?
2, 3, 11, 71, 211
What are the prime factors of 1387892?
2, 11, 31543
What are the prime factors of 970554?
2, 3, 13, 23, 541
What are the prime factors of 7741059?
3, 71, 36343
List the prime factors of 770638.
2, 11, 23, 1523
What are the prime factors of 3163873?
439, 7207
List the prime factors of 21049380.
2, 3, 5, 11, 10631
What are the prime factors of 4407334?
2, 229, 9623
List the prime factors of 11008.
2, 43
What are the prime factors of 156876?
2, 3, 17, 769
List the prime factors of 7178685.
3, 5, 478579
List the prime factors of 987933.
3, 127, 2593
List the prime factors of 291943.
29, 10067
List the prime factors of 48821.
48821
What are the prime factors of 5971111?
19, 131, 2399
List the prime factors of 189414.
2, 3, 17, 619
List the prime factors of 9840332.
2, 2460083
List the prime factors of 8947286.
2, 1951, 2293
What are the prime factors of 895731?
3, 127, 2351
List the prime factors of 484893.
3, 17959
What are the prime factors of 240779?
7, 11, 53, 59
What are the prime factors of 112288?
2, 11, 29
What are the prime factors of 261282?
2, 3, 7, 6221
What are the prime factors of 4013145?
3, 5, 367
List the prime factors of 1812451.
167, 10853
What are the prime factors of 19948671?
3, 2216519
What are the prime factors of 1271882?
2, 29, 21929
List the prime factors of 168829.
197, 857
What are the prime factors of 3463079?
89, 167, 233
What are the prime factors of 16091978?
2, 7, 1149427
List the prime factors of 53730.
2, 3, 5, 199
List the prime factors of 72577.
72577
What are the prime factors of 701371?
11, 63761
What are the prime factors of 337318?
2, 23, 7333
List the prime factors of 19422.
2, 3, 13, 83
List the prime factors of 1457239.
7, 179, 1163
What are the prime factors of 1183974?
2, 3, 11, 17939
What are the prime factors of 318690?
2, 3, 5, 3541
List the prime factors of 1032674.
2, 197, 2621
List the prime factors of 132421.
132421
List the prime factors of 10039282.
2, 11, 17, 1579
List the prime factors of 2260989.
3, 251221
List the prime factors of 31083105.
3, 5, 2072207
What are the prime factors of 1557334?
2, 778667
List the prime factors of 175657.
269, 653
List the prime factors of 13760465.
5, 19, 144847
What are the prime factors of 3876475?
5, 19, 8161
List the prime factors of 13023315.
3, 5, 96469
List the prime factors of 415836.
2, 3, 11551
List the prime factors of 130374.
2, 3, 7243
What are the prime factors of 5819200?
2, 5, 3637
What are the prime factors of 12982097?
23, 389, 1451
List the prime factors of 216213.
3, 97, 743
List the prime factors of 1106795.
5, 41, 5399
What are the prime factors of 1931566?
2, 7, 13, 10613
List the prime factors of 877659.
3, 17, 17209
What are the prime factors of 10466023?
1913, 5471
List the prime factors of 2557093.
7, 11, 3019
What are the prime factors of 10074059?
10074059
List the prime factors of 16856859.
3, 29, 193757
List the prime factors of 9106657.
7, 283, 4597
List the prime factors of 9905721.
3, 7, 569, 829
What are the prime factors of 655619?
31, 21149
What are the prime factors of 1278272?
2, 19973
What are the prime factors of 8312239?
13, 463, 1381
List the prime factors of 8040044.
2, 61, 83, 397
What are the prime factors of 413292?
2, 3, 11, 31, 101
What are the prime factors of 99401?
99401
List the prime factors of 1067444.
2, 7, 67, 569
What are the prime factors of 54216?
2, 3, 251
What are the prime factors of 20925?
3, 5, 31
What are the prime factors of 10703763?
3, 7, 23, 83, 89
List the prime factors of 103714.
2, 13, 3989
List the prime factors of 415164.
2, 3, 29, 1193
What are the prime factors of 114623?
83, 1381
What are the prime factors of 77878?
2, 23, 1693
What are the prime factors of 43432?
2, 61, 89
List the prime factors of 752426.
2, 211, 1783
List the prime factors of 199931.
199931
List the prime factors of 2397774.
2, 3, 137, 2917
List the prime factors of 4917126.
2, 3, 293, 2797
List the prime factors of 7527456.
2, 3, 59, 443
List the prime factors of 233984.
2, 457
List the prime factors of 3130693.
3130693
What are the prime factors of 109563?
3, 59, 619
List the prime factors of 1689147.
3, 73, 857
What are the prime factors of 685221?
3, 71, 3217
List the prime factors of 6125345.
5, 587, 2087
List the prime factors of 395535.
3, 5, 7, 3767
What are the prime factors of 7509904?
2, 469369
List the prime factors of 861013.
861013
What are the prime factors of 1605713?
163, 9851
What are the prime factors of 726911?
726911
What are the prime factors of 1478908?
2, 331, 1117
What are the prime factors of 204320?
2, 5, 1277
What are the prime factors of 19500?
2, 3, 5, 13
List the prime factors of 9837648.
2, 3, 53, 1289
List the prime factors of 15233599.
15233599
What are the prime factors of 16900939?
11, 29, 52981
List the prime factors of 4734315.
3, 5, 35069
List the prime factors of 466915.
5, 93383
List the prime factors of 1517817.
3, 7, 72277
What are the prime factors of 3505372?
2, 13, 67411
List the prime factors of 885215.
5, 177043
List the prime factors of 2105114.
2, 11, 103, 929
List the prime factors of 968292.
2, 3, 13, 2069
List the prime factors of 2264001.
3, 29, 53, 491
What are the prime factors of 45974?
2, 127, 181
What are the prime factors of 193317?
3, 64439
What are the prime factors of 146481?
3, 157, 311
List the prime factors of 1481924.
2, 17, 19, 31, 37
What are the prime factors of 1802598?
2, 3, 7, 167, 257
List the prime factors of 2108832.
2, 3, 11, 1997
What are the prime factors of 1508058?
2, 3, 29, 107
What are the prime factors of 15313966?
2, 613, 12491
What are the prime factors of 37316022?
2, 3, 2099, 2963
List the prime factors of 801593.
13, 197, 313
List the prime factors of 10018952.
2, 31, 71, 569
What are the prime factors of 237584?
2, 31, 479
List the prime factors of 841203.
3, 11, 29, 293
List the prime factors of 2359782.
2, 3, 31, 4229
List the prime factors of 19896734.
2, 11, 13, 73, 953
What are the prime factors of 36653?
36653
What are the prime factors of 840356?
2, 11, 71, 269
What are the prime factors of 41925859?
17, 467, 5281
What are the prime factors of 1370824?
2, 7, 13, 269
What are the prime factors of 1466874?
2, 3, 227, 359
What are the prime factors of 2493461?
73, 34157
List the prime factors of 7687.
7687
What are the prime factors of 999351?
3, 37013
List the prime factors of 54295.
5, 10859
What are the prime factors of 2465671?
13, 241, 787
What are the prime factors of 513449?
37, 13877
What are the prime factors of 3046895?
5, 609379
List the prime factors of 1420595.
5, 11, 23, 1123
What are the prime factors of 292002?
2, 3, 41, 1187
List the prime factors of 578012.
2, 83, 1741
What are the prime factors of 19992060?
2, 3, 5, 11, 23, 439
What are the prime factors of 138947?
19, 71, 103
List the prime factors of 691791.
3, 230597
What are the prime factors of 774001?
774001
List the prime factors of 1274552.
2, 159319
List the prime factors of 29075736.
2, 3, 1211489
List the prime factors of 466512.
2, 3, 9719
List the prime factors of 19743103.
17, 1009, 1151
What are the prime factors of 1991089?
1991089
List the prime factors of 3222660.
2, 3, 5, 7, 7673
What are the prime factors of 9322723?
31, 300733
What are the prime factors of 115271?
13, 8867
List the prime factors of 149691.
3, 41, 1217
What are the prime factors of 247960?
2, 5, 6199
List the prime factors of 205937.
205937
What are the prime factors of 3284529?
3, 1094843
List the prime factors of 412224.
2, 3, 19, 113
List the prime factors of 286634.
2, 19, 397
What are the prime factors of 4780003?
59, 81017
List the prime factors of 1443486.
2, 3, 11, 21871
List the prime factors of 39045.
3, 5, 19, 137
What are the prime factors of 453867?
3, 151289
What are the prime factors of 5285?
5, 7, 151
What are the prime factors of 179974?
2, 29, 107
What are the prime factors of 4575900?
2, 3, 5, 7, 2179
List the prime factors of 429633.
3, 47737
List the prime factors of 160886.
2, 11, 71